 4*c - 3*c - 10 = 0. Let f = 14 - c. What is the units digit of f?
4
Let s be (12/(-20))/((-1)/5). Let m(h) = 3*h**2 - 2*h - 5. What is the tens digit of m(s)?
1
Let q = 1 + -7. Let r = 13 + q. What is the units digit of r?
7
Let s be (-2)/(-3)*(87 - -6). Suppose -2*h = -0*h - s. What is the tens digit of h?
3
Let v = -8 - -9. What is the units digit of 4/4 + 1 - v?
1
Let m = -112 - -67. Let c be m/(-20) - (-2)/(-8). Suppose -h - c = -10. What is the units digit of h?
8
Suppose 5*y + 159 = 584. Let f = -57 + y. What is the units digit of f?
8
Suppose -33 = -g - 4*c, -5*g + 3*c + 94 = -140. Let x be 3*5/(g/6). Suppose -2*a - x*a = -8. What is the units digit of a?
2
Suppose -4*k + 8*k = -5*j, j - 5*k - 29 = 0. Let q be 3/((1 - 2)*-1). Suppose -h = 3*g - 3 - 13, -q*h - j*g = -23. What is the units digit of h?
1
Let k be -2 + 1 + (-56)/(-7). What is the units digit of ((-10)/k)/(3/(-21))?
0
Suppose 2*m = 2 + 2. Let w = 9 - 5. Suppose m = -w*v + 6*v. What is the units digit of v?
1
Suppose 3*v = -0*v + 18. What is the units digit of v?
6
Let x(v) = -6*v - 9. What is the units digit of x(-6)?
7
Suppose w - 12 = -w. Let k(x) = 2*x - 8. What is the units digit of k(w)?
4
Suppose -5*l + 23 = 2*r - 31, r + 51 = 4*l. Suppose g + g - l = 0. Let n(a) = -a**2 + 6*a + 1. What is the units digit of n(g)?
1
Let d(o) = 34*o**2 + 7*o + 3. What is the units digit of d(-2)?
5
Suppose 5*h - 19 = 6, -4*r + 4 = -4*h. Let g = r + -8. Let a = g - -6. What is the units digit of a?
4
Let a(h) = h. Let l be a(1). Let q be 4 - 3*l/3. Suppose -26 = -4*p + 2*s, q*p = s - 0*s + 18. What is the units digit of p?
5
Suppose 2*r = 3*r - 6. What is the units digit of r?
6
Suppose -2*o + 4*o - 4 = 0. Suppose -o*h + 38 = 4*v, -3*v = -3*h - 11 + 113. What is the units digit of h?
9
Suppose 0*z + 3*z - 84 = 0. What is the units digit of 8/z + (-47)/(-7)?
7
Let v(k) = k**3 - 6*k**2 + 4*k + 7. Let s be v(5). Suppose s*z = -4*q + 36, 41 = 6*q - 3*q - 2*z. What is the units digit of q?
1
Let b(i) = -3*i - 8. Let u(j) = j**2 + 13*j + 4. Let a be u(-12). What is the tens digit of b(a)?
1
Suppose -k - 64 = -5*k. Suppose 0 = i + x - k, 2*i + 2*i - 56 = 4*x. What is the units digit of i?
5
Let q(b) = -b + 10. Let t be q(7). Suppose -5*d = -l - 3*l + 21, 0 = 2*l + t*d - 5. Suppose -4*s + 4*a = -48, -l*a + 2 = -6. What is the units digit of s?
4
Suppose 2*c = -0 + 30. Let m = c + -8. Suppose q + m = 2*q. What is the units digit of q?
7
Suppose 5*a = -2*m - 15, 0 = -2*a + 2. Let p = 3 + m. Let i = 6 - p. What is the tens digit of i?
1
Let h(u) = -u**3 - 2*u**2 + 3*u + 4. Let j be h(-3). Suppose -j*y + 21 + 7 = 0. What is the units digit of y?
7
Let u = 8 - -39. What is the tens digit of u?
4
Let s(z) = -z**2 + 8*z + 3. Let i(g) = -g**2 + 15*g + 5. Let j(h) = 6*i(h) - 11*s(h). What is the units digit of j(2)?
1
What is the units digit of ((-43)/129)/((4/6)/(-2))?
1
Suppose -373 = -9*h - 49. What is the tens digit of h?
3
Suppose -4*g - 3*x + 3 = -2*x, 0 = -g + 4*x - 12. Let l(i) = g + 4 - 4 + 10*i. What is the tens digit of l(1)?
1
Let s(o) = o**2 - 7*o + 2. Let m be s(9). Suppose 2*l + m - 72 = 0. What is the units digit of l/8 - 3/12?
3
Let s(y) = -6*y + 2. Suppose -6 = 3*c - 0. What is the units digit of s(c)?
4
Suppose 639 + 1131 = 5*b. What is the tens digit of b?
5
Let d(q) = 2*q**2 + 4*q - 1. What is the units digit of d(4)?
7
Let w(z) = 2*z**2 + 6*z + 2. Let q be w(-5). Let s = q - 4. What is the units digit of s?
8
Let o = 37 - 1. What is the tens digit of o?
3
Let b(q) = -q**2 - 11*q - 10. Let l be b(-10). Suppose -5*j = -l*j - 15. What is the units digit of j?
3
Suppose 2*f - 5*d = -2*f + 659, 2*d = 3*f - 503. What is the units digit of f?
1
Let w be 0 - (0 - (3 + 1)). Suppose -w*u + 4*k - 4 = 0, u = -u - 2*k + 10. Suppose 0 = u*b - 0*b - 14. What is the units digit of b?
7
Let u(b) = -b**3 + b - 1. Let a = -3 + 1. What is the units digit of u(a)?
5
Let l(w) = w**3 + 2*w**2 - w + 73. What is the units digit of l(0)?
3
Let s = -1 + 4. Let o be 42/s - 3 - -2. Let h = -4 + o. What is the units digit of h?
9
Suppose 4*y + 8 = -3*z + 8*y, 4*y - 36 = -4*z. Let i = z + -1. What is the units digit of i?
3
Let v = -8 + 15. Suppose v*j = 2*j + 145. What is the tens digit of j?
2
What is the tens digit of 6/24*-2*(-2 - 260)?
3
Suppose -5*h = -3*o - 7, 2*h - 1 = -0*o + 3*o. Suppose 3 = f - h. What is the units digit of f?
5
Let j(f) = f**3 + 6*f**2 - f - 1. Let q = -11 - -5. What is the units digit of j(q)?
5
Let n(s) = 3*s**2 - 5*s + 7. What is the units digit of n(-11)?
5
Let d = 42 - 19. What is the units digit of d?
3
Let k be (-3)/(-12) + (-14)/(-8). Let q be ((-258)/(-9))/((-4)/(-6)). Suppose 0 = -4*u - 3*y + q, -3*u + 25 = k*u - 2*y. What is the units digit of u?
7
Suppose 3*m - 2*c - 2*c - 6 = 0, -4*c = 0. Let j = -13 - -14. What is the units digit of j/((1 - m)/(-8))?
8
Suppose -5*t - 3*z - 23 = 0, -2*z - 13 = 2*t + 3*z. What is the tens digit of -3*t/(-3)*-5?
2
Let s be (-3 + -1)/4*-23. Suppose -5*p = -123 + s. What is the units digit of p?
0
What is the units digit of (-80)/(-3) - (-2)/9*6?
8
Suppose 4*l + 28 = 8*l. Let h = l - 0. What is the units digit of h?
7
Let g = 6 - 7. What is the units digit of 18*g/(-2) - -2?
1
Suppose -2*x = 2, 7 = 5*z + x - 3*x. Suppose 7 = -b - 2*n, -b - 1 = n + z. What is the units digit of -16*(14/(-4) + b)?
8
Suppose 6 = 2*p, 0 = w + 2*p - 4 - 7. Suppose w*i + 2*g = 61, i + 5*g - 3 = -0*g. What is the units digit of i?
3
Let y be ((-38)/(-4))/((-4)/(-40)). Suppose -p - 4*p + y = 0. Let c = 29 - p. What is the tens digit of c?
1
Let f(v) = -v - 4. Let r be f(-6). What is the units digit of (-3 + 6 + 31)/r?
7
Let g(u) = 10*u**2 - 2*u**2 + 2*u**3 + 2*u**3 - 5*u**3 - 7*u + 7. What is the units digit of g(7)?
7
Let k(v) = v**3 + 3*v + 6*v**2 + 8 + 0*v + 2*v - 4*v. What is the units digit of k(-6)?
2
Suppose 0 = -n + 2*n. Suppose -12 = -n*o - 3*o. What is the units digit of o?
4
Let x(a) be the second derivative of -a**5/20 - a**4/2 + 2*a**3/3 + 5*a**2/2 + 2*a. What is the tens digit of x(-7)?
2
Suppose 40 = -2*q + 6*q. What is the units digit of q?
0
Suppose 72*d + 136 = 74*d. What is the units digit of d?
8
Let s be 0 + 2 + -2 - 0. What is the units digit of s + (-6)/(-2) + 17?
0
Let i(m) = -3*m + 2. Let x be 2*(-3)/(-6)*-2. What is the units digit of i(x)?
8
Suppose 10 = 41*y - 36*y. What is the units digit of y?
2
Suppose 0 = 5*o + 4*r - 76, 5*o = 3*o - 4*r + 40. Let s be 4/o - (-2)/(-6). Suppose s = -4*q - 3 + 27. What is the units digit of q?
6
Let b(k) be the second derivative of 0 + 1/6*k**3 - 2*k - 1/2*k**2. What is the units digit of b(4)?
3
Suppose -2*t + 918 = 7*b - 3*b, -1149 = -5*b - 4*t. What is the tens digit of b?
2
Let y = 92 + -7. What is the units digit of y?
5
Suppose 0 = 3*y - y. Suppose 4*l = -y*l + 16. What is the units digit of l?
4
Suppose 0 = r - 5. Suppose 0 = r*m - 3*m. Suppose m = -5*a + 1 + 4. What is the units digit of a?
1
What is the units digit of 1/(1/(-2)) + (96 - -15)?
9
Let l be (-9 - 0)*4 + 2. Let x be l/(-12) - (-4)/24. Suppose -k - k + 15 = -i, -x*i = -5*k + 38. What is the units digit of k?
7
Let m(c) = 71*c**2 - 2*c + 1. What is the units digit of m(1)?
0
Let z be (-2)/(-3) - (-26)/6. Suppose 88 = z*h - h. Suppose -3*p + 38 = -h. What is the tens digit of p?
2
Suppose -c - h = 31, -4*c - h - 127 = 4*h. What is the units digit of 8/c + 44/7?
6
Suppose -5*g + t - 7 = -25, 0 = -2*g - t + 10. Let p = g + -1. Suppose 40 = p*k + k. What is the tens digit of k?
1
Let q(u) = -u**2 + u. Let x = -4 - 0. Let d(h) = 5*h**2 - 15*h - 6. Let c(o) = x*q(o) - d(o). What is the tens digit of c(10)?
1
Suppose 5*u = 27 - 12. Suppose -71 = -u*j + 73. What is the units digit of j?
8
Let g(l) = 7*l - 1. What is the units digit of g(4)?
7
Suppose l + l = 8. Suppose 28 = l*m - 60. What is the tens digit of m?
2
Let r(f) = f**2 - 9*f - 7. Let c be r(10). Let k = c + 2. What is the units digit of k?
5
Suppose 0 = -7*u + 4*u + 162. What is the tens digit of u?
5
Let x be 2/(-8) - (-13)/4. Suppose 0 = x*j + j - 12. What is the units digit of j/(21/6 - 2)?
2
Suppose 0 = 4*u - 9 - 27. What is the units digit of u?
9
What is the units digit of 10 - 3/9*3?
9
Suppose -3*i + 2 = -13. Let r(a) = -a**2 + 6*a - 1. Let s be r(i). Suppose 0 = s*g - 0 